{"id":1046,"date":"2021-07-12T16:28:57","date_gmt":"2021-07-12T16:28:57","guid":{"rendered":"https:\/\/centre.irpp.org\/?page_id=1046"},"modified":"2021-07-29T20:24:06","modified_gmt":"2021-07-29T20:24:06","slug":"confederation-de-demain-2021","status":"publish","type":"page","link":"https:\/\/centre.irpp.org\/fr\/confederation-de-demain-2021\/","title":{"rendered":"Conf\u00e9d\u00e9ration de demain 2021"},"content":{"rendered":"<p>&nbsp;<\/p>\n<p>Selon une\u00a0<a href=\"https:\/\/centre.irpp.org\/fr\/data\/confederation-de-demain\/\">r\u00e9cente \u00e9tude<\/a>, les Canadiens non autochtones se montrent aujourd\u2019hui plus favorables aux droits des Autochtones et plus pr\u00e9occup\u00e9s par la lenteur des progr\u00e8s du processus de r\u00e9conciliation. Ils sont aussi plus nombreux \u00e0 penser que chaque citoyen doit jouer un r\u00f4le dans ce processus. <a href=\"https:\/\/irpp.org\/fr\/news-release\/un-sondage-national-temoigne-dun-soutien-accru-aux-droits-des-peuples-autochtones-et-au-processus-de-reconciliation\/\">En savoir plus<\/a>&#8230;<\/p>\n<p style=\"text-align: center;\"><a href=\"https:\/\/centre.irpp.org\/wp-content\/uploads\/sites\/3\/2020\/09\/CoT-2021-Rapport-4-Relations-et-reconciliation-avec-les-peuples-autochtones.pdf\">T\u00e9l\u00e9chargez le r\u00e9sum\u00e9 en fran\u00e7ais<\/a> \/ <a href=\"https:\/\/centre.irpp.org\/wp-content\/uploads\/sites\/3\/2020\/09\/CoT-2021-Report-4-Indigenous-Relations-and-Reconciliation.pdf\">rapport complet anglais<\/a><\/p>\n<p><script id=\"infogram_0_050b448d-ae7f-4b4e-b450-602653c2387f\" title=\"CoT 1 FR\" src=\"https:\/\/e.infogram.com\/js\/dist\/embed.js?fdj\" type=\"text\/javascript\"><\/script><\/p>\n","protected":false},"excerpt":{"rendered":"<p>&nbsp; Selon une\u00a0r\u00e9cente \u00e9tude, les Canadiens non autochtones se montrent aujourd\u2019hui plus favorables aux droits des Autochtones et plus pr\u00e9occup\u00e9s par la lenteur des progr\u00e8s du processus de r\u00e9conciliation. Ils sont aussi plus nombreux \u00e0 penser que chaque citoyen doit jouer un r\u00f4le dans ce processus. En savoir plus&#8230; T\u00e9l\u00e9chargez le r\u00e9sum\u00e9 en fran\u00e7ais \/ [&hellip;]<\/p>\n","protected":false},"author":871,"featured_media":1043,"parent":0,"menu_order":0,"comment_status":"closed","ping_status":"closed","template":"","meta":{"content-type":"","footnotes":""},"categories":[],"tags":[],"class_list":["post-1046","page","type-page","status-publish","has-post-thumbnail","hentry"],"acf":[],"yoast_head":"<!-- This site is optimized with the Yoast SEO plugin v15.7 - https:\/\/yoast.com\/wordpress\/plugins\/seo\/ -->\n<title>Conf\u00e9d\u00e9ration de demain 2021 - Centre of Excellence on the Canadian Federation<\/title>\n<meta name=\"description\" content=\"Les Canadiens non autochtones se montrent aujourd\u2019hui plus favorables aux droits des Autochtones.\" \/>\n<meta name=\"robots\" content=\"index, follow, max-snippet:-1, max-image-preview:large, max-video-preview:-1\" \/>\n<link rel=\"canonical\" href=\"https:\/\/centre.irpp.org\/fr\/confederation-de-demain-2021\/\" \/>\n<meta property=\"og:locale\" content=\"fr_FR\" \/>\n<meta property=\"og:type\" content=\"article\" \/>\n<meta property=\"og:title\" content=\"Conf\u00e9d\u00e9ration de demain 2021 - Centre of Excellence on the Canadian Federation\" \/>\n<meta property=\"og:description\" content=\"Les Canadiens non autochtones se montrent aujourd\u2019hui plus favorables aux droits des Autochtones.\" \/>\n<meta property=\"og:url\" content=\"https:\/\/centre.irpp.org\/fr\/confederation-de-demain-2021\/\" \/>\n<meta property=\"og:site_name\" content=\"Centre of Excellence on the Canadian Federation\" \/>\n<meta property=\"article:modified_time\" content=\"2021-07-29T20:24:06+00:00\" \/>\n<meta property=\"og:image\" content=\"https:\/\/centre.irpp.org\/wp-content\/uploads\/sites\/3\/2021\/07\/CoT4-fb-sm.jpg\" \/>\n\t<meta property=\"og:image:width\" content=\"1335\" \/>\n\t<meta property=\"og:image:height\" content=\"697\" \/>\n<meta name=\"twitter:card\" content=\"summary_large_image\" \/>\n<meta name=\"twitter:image\" content=\"https:\/\/centre.irpp.org\/wp-content\/uploads\/sites\/3\/2021\/07\/CoT4-tw-sm.jpg\" \/>\n<meta name=\"twitter:label1\" content=\"Dur\u00e9e de lecture est.\">\n\t<meta name=\"twitter:data1\" content=\"1 minute\">\n<script type=\"application\/ld+json\" class=\"yoast-schema-graph\">{\"@context\":\"https:\/\/schema.org\",\"@graph\":[{\"@type\":\"WebSite\",\"@id\":\"https:\/\/centre.irpp.org\/#website\",\"url\":\"https:\/\/centre.irpp.org\/\",\"name\":\"Centre of Excellence on the Canadian Federation\",\"description\":\"Centre of Excellence on the Canadian Federation\",\"potentialAction\":[{\"@type\":\"SearchAction\",\"target\":\"https:\/\/centre.irpp.org\/?s={search_term_string}\",\"query-input\":\"required name=search_term_string\"}],\"inLanguage\":\"fr-FR\"},{\"@type\":\"ImageObject\",\"@id\":\"https:\/\/centre.irpp.org\/fr\/confederation-de-demain-2021\/#primaryimage\",\"inLanguage\":\"fr-FR\",\"url\":\"https:\/\/centre.irpp.org\/wp-content\/uploads\/sites\/3\/2021\/07\/CoT4-web-sm.jpg\",\"width\":2000,\"height\":700,\"caption\":\"Confederation of Tomorrow - Indigenous relations\"},{\"@type\":\"WebPage\",\"@id\":\"https:\/\/centre.irpp.org\/fr\/confederation-de-demain-2021\/#webpage\",\"url\":\"https:\/\/centre.irpp.org\/fr\/confederation-de-demain-2021\/\",\"name\":\"Conf\\u00e9d\\u00e9ration de demain 2021 - Centre of Excellence on the Canadian Federation\",\"isPartOf\":{\"@id\":\"https:\/\/centre.irpp.org\/#website\"},\"primaryImageOfPage\":{\"@id\":\"https:\/\/centre.irpp.org\/fr\/confederation-de-demain-2021\/#primaryimage\"},\"datePublished\":\"2021-07-12T16:28:57+00:00\",\"dateModified\":\"2021-07-29T20:24:06+00:00\",\"description\":\"Les Canadiens non autochtones se montrent aujourd\\u2019hui plus favorables aux droits des Autochtones.\",\"inLanguage\":\"fr-FR\",\"potentialAction\":[{\"@type\":\"ReadAction\",\"target\":[\"https:\/\/centre.irpp.org\/fr\/confederation-de-demain-2021\/\"]}]}]}<\/script>\n<!-- \/ Yoast SEO plugin. -->","_links":{"self":[{"href":"https:\/\/centre.irpp.org\/fr\/wp-json\/wp\/v2\/pages\/1046","targetHints":{"allow":["GET"]}}],"collection":[{"href":"https:\/\/centre.irpp.org\/fr\/wp-json\/wp\/v2\/pages"}],"about":[{"href":"https:\/\/centre.irpp.org\/fr\/wp-json\/wp\/v2\/types\/page"}],"author":[{"embeddable":true,"href":"https:\/\/centre.irpp.org\/fr\/wp-json\/wp\/v2\/users\/871"}],"replies":[{"embeddable":true,"href":"https:\/\/centre.irpp.org\/fr\/wp-json\/wp\/v2\/comments?post=1046"}],"version-history":[{"count":0,"href":"https:\/\/centre.irpp.org\/fr\/wp-json\/wp\/v2\/pages\/1046\/revisions"}],"wp:featuredmedia":[{"embeddable":true,"href":"https:\/\/centre.irpp.org\/fr\/wp-json\/wp\/v2\/media\/1043"}],"wp:attachment":[{"href":"https:\/\/centre.irpp.org\/fr\/wp-json\/wp\/v2\/media?parent=1046"}],"wp:term":[{"taxonomy":"category","embeddable":true,"href":"https:\/\/centre.irpp.org\/fr\/wp-json\/wp\/v2\/categories?post=1046"},{"taxonomy":"post_tag","embeddable":true,"href":"https:\/\/centre.irpp.org\/fr\/wp-json\/wp\/v2\/tags?post=1046"}],"curies":[{"name":"wp","href":"https:\/\/api.w.org\/{rel}","templated":true}]}}

Confédération de demain 2021

<p>&nbsp;</p>
<p>Selon une <a href="https://centre.irpp.org/fr/data/confederation-de-demain/">récente étude</a>, les Canadiens non autochtones se montrent aujourd’hui plus favorables aux droits des Autochtones et plus préoccupés par la lenteur des progrès du processus de réconciliation. Ils sont aussi plus nombreux à penser que chaque citoyen doit jouer un rôle dans ce processus. <a href="https://irpp.org/fr/news-release/un-sondage-national-temoigne-dun-soutien-accru-aux-droits-des-peuples-autochtones-et-au-processus-de-reconciliation/">En savoir plus</a>&#8230;</p>
<p style="text-align: center;"><a href="https://centre.irpp.org/wp-content/uploads/sites/3/2020/09/CoT-2021-Rapport-4-Relations-et-reconciliation-avec-les-peuples-autochtones.pdf">Téléchargez le résumé en français</a> / <a href="https://centre.irpp.org/wp-content/uploads/sites/3/2020/09/CoT-2021-Report-4-Indigenous-Relations-and-Reconciliation.pdf">rapport complet anglais</a></p>
<p><script id="infogram_0_050b448d-ae7f-4b4e-b450-602653c2387f" title="CoT 1 FR" src="https://e.infogram.com/js/dist/embed.js?fdj" type="text/javascript"></script></p>

<p>&nbsp; Selon une récente étude, les Canadiens non autochtones se montrent aujourd’hui plus favorables aux droits des Autochtones et plus préoccupés par la lenteur des progrès du processus de réconciliation. Ils sont aussi plus nombreux à penser que chaque citoyen doit jouer un rôle dans ce processus. En savoir plus&#8230; Téléchargez le résumé en français / [&hellip;]</p>

<!-- This site is optimized with the Yoast SEO plugin v15.7 - https://yoast.com/wordpress/plugins/seo/ -->
<title>Confédération de demain 2021 - Centre of Excellence on the Canadian Federation</title>
<meta name="description" content="Les Canadiens non autochtones se montrent aujourd’hui plus favorables aux droits des Autochtones." />
<meta name="robots" content="index, follow, max-snippet:-1, max-image-preview:large, max-video-preview:-1" />
<link rel="canonical" href="https://centre.irpp.org/fr/confederation-de-demain-2021/" />
<meta property="og:locale" content="fr_FR" />
<meta property="og:type" content="article" />
<meta property="og:title" content="Confédération de demain 2021 - Centre of Excellence on the Canadian Federation" />
<meta property="og:description" content="Les Canadiens non autochtones se montrent aujourd’hui plus favorables aux droits des Autochtones." />
<meta property="og:url" content="https://centre.irpp.org/fr/confederation-de-demain-2021/" />
<meta property="og:site_name" content="Centre of Excellence on the Canadian Federation" />
<meta property="article:modified_time" content="2021-07-29T20:24:06+00:00" />
<meta property="og:image" content="https://centre.irpp.org/wp-content/uploads/sites/3/2021/07/CoT4-fb-sm.jpg" />
	<meta property="og:image:width" content="1335" />
	<meta property="og:image:height" content="697" />
<meta name="twitter:card" content="summary_large_image" />
<meta name="twitter:image" content="https://centre.irpp.org/wp-content/uploads/sites/3/2021/07/CoT4-tw-sm.jpg" />
<meta name="twitter:label1" content="Durée de lecture est.">
	<meta name="twitter:data1" content="1 minute">
<script type="application/ld+json" class="yoast-schema-graph">{"@context":"https://schema.org","@graph":[{"@type":"WebSite","@id":"https://centre.irpp.org/#website","url":"https://centre.irpp.org/","name":"Centre of Excellence on the Canadian Federation","description":"Centre of Excellence on the Canadian Federation","potentialAction":[{"@type":"SearchAction","target":"https://centre.irpp.org/?s={search_term_string}","query-input":"required name=search_term_string"}],"inLanguage":"fr-FR"},{"@type":"ImageObject","@id":"https://centre.irpp.org/fr/confederation-de-demain-2021/#primaryimage","inLanguage":"fr-FR","url":"https://centre.irpp.org/wp-content/uploads/sites/3/2021/07/CoT4-web-sm.jpg","width":2000,"height":700,"caption":"Confederation of Tomorrow - Indigenous relations"},{"@type":"WebPage","@id":"https://centre.irpp.org/fr/confederation-de-demain-2021/#webpage","url":"https://centre.irpp.org/fr/confederation-de-demain-2021/","name":"Conf\u00e9d\u00e9ration de demain 2021 - Centre of Excellence on the Canadian Federation","isPartOf":{"@id":"https://centre.irpp.org/#website"},"primaryImageOfPage":{"@id":"https://centre.irpp.org/fr/confederation-de-demain-2021/#primaryimage"},"datePublished":"2021-07-12T16:28:57+00:00","dateModified":"2021-07-29T20:24:06+00:00","description":"Les Canadiens non autochtones se montrent aujourd\u2019hui plus favorables aux droits des Autochtones.","inLanguage":"fr-FR","potentialAction":[{"@type":"ReadAction","target":["https://centre.irpp.org/fr/confederation-de-demain-2021/"]}]}]}</script>
<!-- / Yoast SEO plugin. -->
