{"version":"1.0","provider_name":"Centre of Excellence on the Canadian Federation","provider_url":"https:\/\/centre.irpp.org\/fr\/","title":"Les candidats aux \u00e9lections canadiennes ont-ils la m\u00eame position que leurs \u00e9lecteurs sur le partage des pouvoirs dans la f\u00e9d\u00e9ration\u2009? - Centre of Excellence on the Canadian Federation","type":"rich","width":600,"height":338,"html":"<blockquote class=\"wp-embedded-content\" data-secret=\"jMirwWdcV2\"><a href=\"https:\/\/centre.irpp.org\/fr\/research-studies\/candidats-elections-canadiennes\/\">Les candidats aux \u00e9lections canadiennes ont-ils la m\u00eame position que leurs \u00e9lecteurs sur le partage des pouvoirs dans la f\u00e9d\u00e9ration\u2009?<\/a><\/blockquote><iframe sandbox=\"allow-scripts\" security=\"restricted\" src=\"https:\/\/centre.irpp.org\/fr\/research-studies\/candidats-elections-canadiennes\/embed\/#?secret=jMirwWdcV2\" width=\"600\" height=\"338\" title=\"\u00ab\u00a0Les candidats aux \u00e9lections canadiennes ont-ils la m\u00eame position que leurs \u00e9lecteurs sur le partage des pouvoirs dans la f\u00e9d\u00e9ration\u2009?\u00a0\u00bb &#8212; Centre of Excellence on the Canadian Federation\" data-secret=\"jMirwWdcV2\" frameborder=\"0\" marginwidth=\"0\" marginheight=\"0\" scrolling=\"no\" class=\"wp-embedded-content\"><\/iframe><script type=\"text\/javascript\">\n\/* <![CDATA[ *\/\n\/**\n * WordPress inline HTML embed\n *\n * @since 4.4.0\n * @output wp-includes\/js\/wp-embed.js\n *\n * Single line comments should not be used since they will break\n * the script when inlined in get_post_embed_html(), specifically\n * when the comments are not stripped out due to SCRIPT_DEBUG\n * being turned on.\n *\/\n(function ( window, document ) {\n\t'use strict';\n\n\t\/* Abort for ancient browsers. *\/\n\tif ( ! document.querySelector || ! window.addEventListener || typeof URL === 'undefined' ) {\n\t\treturn;\n\t}\n\n\t\/** @namespace wp *\/\n\twindow.wp = window.wp || {};\n\n\t\/* Abort if script was already executed. *\/\n\tif ( !! window.wp.receiveEmbedMessage ) {\n\t\treturn;\n\t}\n\n\t\/**\n\t * Receive embed message.\n\t *\n\t * @param {MessageEvent} e\n\t *\/\n\twindow.wp.receiveEmbedMessage = function( e ) {\n\t\tvar data = e.data;\n\n\t\t\/* Verify shape of message. *\/\n\t\tif (\n\t\t\t! ( data || data.secret || data.message || data.value ) ||\n\t\t\t\/[^a-zA-Z0-9]\/.test( data.secret )\n\t\t) {\n\t\t\treturn;\n\t\t}\n\n\t\tvar iframes = document.querySelectorAll( 'iframe[data-secret=\"' + data.secret + '\"]' ),\n\t\t\tblockquotes = document.querySelectorAll( 'blockquote[data-secret=\"' + data.secret + '\"]' ),\n\t\t\tallowedProtocols = new RegExp( '^https?:$', 'i' ),\n\t\t\ti, source, height, sourceURL, targetURL;\n\n\t\tfor ( i = 0; i < blockquotes.length; i++ ) {\n\t\t\tblockquotes[ i ].style.display = 'none';\n\t\t}\n\n\t\tfor ( i = 0; i < iframes.length; i++ ) {\n\t\t\tsource = iframes[ i ];\n\n\t\t\tif ( e.source !== source.contentWindow ) {\n\t\t\t\tcontinue;\n\t\t\t}\n\n\t\t\tsource.removeAttribute( 'style' );\n\n\t\t\tif ( 'height' === data.message ) {\n\t\t\t\t\/* Resize the iframe on request. *\/\n\t\t\t\theight = parseInt( data.value, 10 );\n\t\t\t\tif ( height > 1000 ) {\n\t\t\t\t\theight = 1000;\n\t\t\t\t} else if ( ~~height < 200 ) {\n\t\t\t\t\theight = 200;\n\t\t\t\t}\n\n\t\t\t\tsource.height = height;\n\t\t\t} else if ( 'link' === data.message ) {\n\t\t\t\t\/* Link to a specific URL on request. *\/\n\t\t\t\tsourceURL = new URL( source.getAttribute( 'src' ) );\n\t\t\t\ttargetURL = new URL( data.value );\n\n\t\t\t\tif (\n\t\t\t\t\tallowedProtocols.test( targetURL.protocol ) &&\n\t\t\t\t\ttargetURL.host === sourceURL.host &&\n\t\t\t\t\tdocument.activeElement === source\n\t\t\t\t) {\n\t\t\t\t\twindow.top.location.href = data.value;\n\t\t\t\t}\n\t\t\t}\n\t\t}\n\t};\n\n\tfunction onLoad() {\n\t\tvar iframes = document.querySelectorAll( 'iframe.wp-embedded-content' ),\n\t\t\ti, source, secret;\n\n\t\tfor ( i = 0; i < iframes.length; i++ ) {\n\t\t\t\/** @var {IframeElement} *\/\n\t\t\tsource = iframes[ i ];\n\n\t\t\tsecret = source.getAttribute( 'data-secret' );\n\t\t\tif ( ! secret ) {\n\t\t\t\t\/* Add secret to iframe *\/\n\t\t\t\tsecret = Math.random().toString( 36 ).substring( 2, 12 );\n\t\t\t\tsource.src += '#?secret=' + secret;\n\t\t\t\tsource.setAttribute( 'data-secret', secret );\n\t\t\t}\n\n\t\t\t\/*\n\t\t\t * Let post embed window know that the parent is ready for receiving the height message, in case the iframe\n\t\t\t * loaded before wp-embed.js was loaded. When the ready message is received by the post embed window, the\n\t\t\t * window will then (re-)send the height message right away.\n\t\t\t *\/\n\t\t\tsource.contentWindow.postMessage( {\n\t\t\t\tmessage: 'ready',\n\t\t\t\tsecret: secret\n\t\t\t}, '*' );\n\t\t}\n\t}\n\n\twindow.addEventListener( 'message', window.wp.receiveEmbedMessage, false );\n\tdocument.addEventListener( 'DOMContentLoaded', onLoad, false );\n})( window, document );\n\/\/# sourceURL=https:\/\/centre.irpp.org\/wp-includes\/js\/wp-embed.js\n\/* ]]> *\/\n<\/script>\n","thumbnail_url":"https:\/\/centre.irpp.org\/wp-content\/uploads\/sites\/3\/2026\/04\/Do-Candidates-in-Canadian-Elections-Share-the-Same-Views-as-Their-Constituents-on-the-Division-of-Powers-within-the-Federation.jpg","thumbnail_width":1110,"thumbnail_height":500,"description":"La comparaison de deux sondages distincts men\u00e9s lors des ann\u00e9es \u00e9lectorales 2021 et 2025 montre qu\u2019il y a un d\u00e9salignement entre les positions des candidats aux \u00e9lections et celles de leurs \u00e9lecteurs sur la question du partage des pouvoirs au Canada. Alors qu\u2019en 2021, les opinions des candidats et des \u00e9lecteurs sont relativement proches sur [&hellip;]"}

Les candidats aux élections canadiennes ont-ils la même position que leurs électeurs sur le partage des pouvoirs dans la fédération ? - Centre of Excellence on the Canadian Federation

<blockquote class="wp-embedded-content" data-secret="jMirwWdcV2"><a href="https://centre.irpp.org/fr/research-studies/candidats-elections-canadiennes/">Les candidats aux élections canadiennes ont-ils la même position que leurs électeurs sur le partage des pouvoirs dans la fédération ?</a></blockquote><iframe sandbox="allow-scripts" security="restricted" src="https://centre.irpp.org/fr/research-studies/candidats-elections-canadiennes/embed/#?secret=jMirwWdcV2" width="600" height="338" title="« Les candidats aux élections canadiennes ont-ils la même position que leurs électeurs sur le partage des pouvoirs dans la fédération ? » &#8212; Centre of Excellence on the Canadian Federation" data-secret="jMirwWdcV2" frameborder="0" marginwidth="0" marginheight="0" scrolling="no" class="wp-embedded-content"></iframe><script type="text/javascript">
/* <![CDATA[ */
/**
 * WordPress inline HTML embed
 *
 * @since 4.4.0
 * @output wp-includes/js/wp-embed.js
 *
 * Single line comments should not be used since they will break
 * the script when inlined in get_post_embed_html(), specifically
 * when the comments are not stripped out due to SCRIPT_DEBUG
 * being turned on.
 */
(function ( window, document ) {
	'use strict';

	/* Abort for ancient browsers. */
	if ( ! document.querySelector || ! window.addEventListener || typeof URL === 'undefined' ) {
		return;
	}

	/** @namespace wp */
	window.wp = window.wp || {};

	/* Abort if script was already executed. */
	if ( !! window.wp.receiveEmbedMessage ) {
		return;
	}

	/**
	 * Receive embed message.
	 *
	 * @param {MessageEvent} e
	 */
	window.wp.receiveEmbedMessage = function( e ) {
		var data = e.data;

		/* Verify shape of message. */
		if (
			! ( data || data.secret || data.message || data.value ) ||
			/[^a-zA-Z0-9]/.test( data.secret )
		) {
			return;
		}

		var iframes = document.querySelectorAll( 'iframe[data-secret="' + data.secret + '"]' ),
			blockquotes = document.querySelectorAll( 'blockquote[data-secret="' + data.secret + '"]' ),
			allowedProtocols = new RegExp( '^https?:$', 'i' ),
			i, source, height, sourceURL, targetURL;

		for ( i = 0; i < blockquotes.length; i++ ) {
			blockquotes[ i ].style.display = 'none';
		}

		for ( i = 0; i < iframes.length; i++ ) {
			source = iframes[ i ];

			if ( e.source !== source.contentWindow ) {
				continue;
			}

			source.removeAttribute( 'style' );

			if ( 'height' === data.message ) {
				/* Resize the iframe on request. */
				height = parseInt( data.value, 10 );
				if ( height > 1000 ) {
					height = 1000;
				} else if ( ~~height < 200 ) {
					height = 200;
				}

				source.height = height;
			} else if ( 'link' === data.message ) {
				/* Link to a specific URL on request. */
				sourceURL = new URL( source.getAttribute( 'src' ) );
				targetURL = new URL( data.value );

				if (
					allowedProtocols.test( targetURL.protocol ) &&
					targetURL.host === sourceURL.host &&
					document.activeElement === source
				) {
					window.top.location.href = data.value;
				}
			}
		}
	};

	function onLoad() {
		var iframes = document.querySelectorAll( 'iframe.wp-embedded-content' ),
			i, source, secret;

		for ( i = 0; i < iframes.length; i++ ) {
			/** @var {IframeElement} */
			source = iframes[ i ];

			secret = source.getAttribute( 'data-secret' );
			if ( ! secret ) {
				/* Add secret to iframe */
				secret = Math.random().toString( 36 ).substring( 2, 12 );
				source.src += '#?secret=' + secret;
				source.setAttribute( 'data-secret', secret );
			}

			/*
			 * Let post embed window know that the parent is ready for receiving the height message, in case the iframe
			 * loaded before wp-embed.js was loaded. When the ready message is received by the post embed window, the
			 * window will then (re-)send the height message right away.
			 */
			source.contentWindow.postMessage( {
				message: 'ready',
				secret: secret
			}, '*' );
		}
	}

	window.addEventListener( 'message', window.wp.receiveEmbedMessage, false );
	document.addEventListener( 'DOMContentLoaded', onLoad, false );
})( window, document );
//# sourceURL=https://centre.irpp.org/wp-includes/js/wp-embed.js
/* ]]> */
</script>

La comparaison de deux sondages distincts menés lors des années électorales 2021 et 2025 montre qu’il y a un désalignement entre les positions des candidats aux élections et celles de leurs électeurs sur la question du partage des pouvoirs au Canada. Alors qu’en 2021, les opinions des candidats et des électeurs sont relativement proches sur [&hellip;]
